te the highest common factor of 296 and 111.
37
Calculate the greatest common factor of 73 and 73.
73
What is the greatest common factor of 44 and 220?
44
Calculate the highest common factor of 207 and 299.
23
Calculate the highest common factor of 26 and 39.
13
What is the highest common divisor of 48 and 1616?
16
Calculate the highest common factor of 1804 and 308.
44
Calculate the greatest common divisor of 121 and 1243.
11
What is the greatest common divisor of 72 and 472?
8
What is the highest common factor of 962 and 299?
13
What is the highest common factor of 17 and 28271?
17
What is the greatest common divisor of 49420 and 140?
140
Calculate the greatest common factor of 3872 and 128.
32
What is the greatest common factor of 11759 and 11?
11
Calculate the greatest common factor of 136 and 24.
8
What is the highest common factor of 2460 and 60?
60
Calculate the greatest common factor of 2759 and 89.
89
Calculate the highest common factor of 190 and 665.
95
Calculate the greatest common divisor of 3042 and 18.
18
Calculate the highest common factor of 994 and 7.
7
What is the greatest common factor of 8 and 4944?
8
Calculate the greatest common divisor of 1240 and 160.
40
Calculate the highest common factor of 20 and 985.
5
What is the highest common factor of 5 and 40?
5
What is the highest common divisor of 26 and 3055?
13
Calculate the greatest common factor of 364 and 104.
52
What is the greatest common factor of 39816 and 72?
72
Calculate the greatest common divisor of 3 and 4.
1
What is the greatest common factor of 2726 and 2350?
94
Calculate the greatest common divisor of 54 and 4212.
54
What is the greatest common divisor of 740 and 220?
20
What is the greatest common factor of 855 and 8265?
285
What is the highest common factor of 682 and 22?
22
Calculate the highest common factor of 684 and 190.
38
What is the highest common factor of 315 and 1500?
15
Calculate the greatest common divisor of 475 and 38.
19
Calculate the highest common divisor of 9 and 1791.
9
What is the highest common factor of 160 and 85?
5
What is the highest common factor of 10 and 3145?
5
Calculate the greatest common divisor of 32 and 8.
8
Calculate the highest common factor of 172 and 16.
4
What is the greatest common divisor of 70 and 70910?
70
Calculate the highest common divisor of 396 and 88.
44
What is the highest common factor of 168 and 6888?
168
Calculate the greatest common divisor of 256 and 1920.
128
Calculate the highest common factor of 29 and 145.
29
Calculate the greatest common factor of 23193 and 27.
27
What is the greatest common factor of 5185 and 255?
85
Calculate the highest common divisor of 192 and 2784.
96
What is the greatest common factor of 50 and 1175?
25
What is the greatest common factor of 32 and 3208?
8
Calculate the greatest common divisor of 36 and 243.
9
What is the greatest common divisor of 65 and 8450?
65
What is the greatest common divisor of 26 and 9022?
26
Calculate the highest common divisor of 752 and 32.
16
Calculate the highest common factor of 16154 and 591.
197
Calculate the greatest common factor of 144 and 180.
36
What is the greatest common factor of 261 and 27?
9
Calculate the highest common factor of 18306 and 226.
226
What is the highest common factor of 3276 and 21?
21
Calculate the highest common factor of 402 and 18.
6
Calculate the greatest common factor of 38 and 361.
19
What is the greatest common divisor of 120 and 100?
20
What is the highest common factor of 132 and 4092?
132
Calculate the greatest common factor of 925 and 175.
25
What is the greatest common factor of 150 and 725?
25
Calculate the greatest common divisor of 32 and 2592.
32
Calculate the greatest common divisor of 91 and 104.
13
What is the greatest common divisor of 340 and 2924?
68
What is the greatest common divisor of 45 and 8880?
15
Calculate the highest common divisor of 2366 and 14.
14
What is the highest common divisor of 71446 and 556?
278
Calculate the greatest common factor of 50 and 660.
10
Calculate the highest common divisor of 224 and 56.
56
What is the greatest common factor of 2958 and 406?
58
What is the highest common factor of 480 and 400?
80
What is the greatest common factor of 10 and 229?
1
What is the highest common divisor of 156 and 352?
4
What is the greatest common factor of 4579 and 38?
19
What is the highest common divisor of 46 and 1012?
46
What is the greatest common divisor of 24 and 592?
8
What is the highest common factor of 2378 and 328?
82
What is the greatest common divisor of 8249 and 678?
113
Calculate the greatest common divisor of 477 and 106.
53
Calculate the greatest common factor of 2 and 4394.
2
Calculate the greatest common divisor of 24 and 26724.
12
Calculate the highest common factor of 32 and 76.
4
What is the greatest common divisor of 320 and 125?
5
What is the greatest common divisor of 119 and 413?
7
What is the highest common factor of 1337 and 1719?
191
What is the greatest common factor of 513 and 864?
27
What is the greatest common factor of 15 and 39?
3
What is the greatest common divisor of 776 and 1067?
97
Calculate the highest common divisor of 19072 and 128.
128
What is the highest common divisor of 54 and 1674?
54
Calculate the highest common divisor of 560 and 35.
35
Calculate the greatest common factor of 475 and 38.
19
Calculate the highest common factor of 264 and 1100.
44
Calculate the greatest common divisor of 208 and 24388.
52
Calculate the greatest common factor of 45 and 585.
45
What is the greatest common factor of 3204 and 108?
36
What is the highest common divisor of 352 and 264?
88
Calculate the greatest common factor of 4400 and 330.
110
What is the greatest common factor of 459 and 8964?
27
Calculate the highest common divisor of 480 and 180.
60
What is the highest common divisor of 224 and 216?
8
What is the highest common factor of 14 and 7?
7
Calculate the highest common factor of 3560 and 20.
20
What is the highest common divisor of 280 and 315?
35
What is the highest common divisor of 42 and 273?
21
What is the greatest common factor of 123 and 36?
3
What is the highest common divisor of 513 and 285?
57
What is the greatest common divisor of 4810 and 3145?
185
Calculate the greatest common divisor of 9130 and 110.
110
Calculate the highest common factor of 416 and 32.
32
Calculate the greatest common divisor of 10 and 3400.
10
What is the highest common divisor of 2 and 6?
2
Calculate the greatest common divisor of 10232 and 16.
8
Calculate the greatest common divisor of 36 and 5058.
18
What is the highest common factor of 24 and 456?
24
What is the highest common divisor of 14 and 14?
14
Calculate the highest common factor of 20 and 620.
20
Calculate the greatest common factor of 120 and 16680.
120
What is the greatest common factor of 505 and 101?
101
What is the highest common divisor of 76 and 32?
4
What is the highest common divisor of 99 and 2013?
33
What is the greatest common factor of 22 and 20834?
22
What is the highest common factor of 120 and 4710?
30
What is the highest common factor of 576 and 198?
18
What is the highest common factor of 4 and 74?
2
What is the greatest common factor of 38490 and 30?
30
What is the highest common factor of 140 and 640?
20
Calculate the greatest common factor of 35239 and 269.
269
Calculate the greatest common divisor of 96 and 18.
6
Calculate the greatest common factor of 3616 and 96.
32
What is the greatest common divisor of 96 and 128?
32
Calculate the greatest common factor of 12 and 2544.
12
What is the greatest common divisor of 43 and 172?
43
What is the greatest common factor of 407 and 22?
11
What is the highest common factor of 1880 and 60?
20
What is the highest common factor of 20 and 60?
20
What is the greatest common divisor of 237 and 11139?
237
What is the greatest common factor of 327 and 12?
3
Calculate the highest common divisor of 261 and 58.
29
Calculate the greatest common divisor of 544 and 5032.
136
What is the highest common divisor of 472 and 8?
8
Calculate the greatest common divisor of 180 and 612.
36
What is the greatest common divisor of 36 and 8?
4
Calculate the highest common factor of 962 and 78.
26
Calculate the highest common factor of 44 and 1760.
44
Calcu